actor of 205 and 25?
5
Calculate the highest common divisor of 8766 and 54.
18
Calculate the greatest common factor of 185 and 80.
5
Calculate the highest common factor of 60 and 14316.
12
Calculate the greatest common factor of 1690 and 10.
10
Calculate the highest common divisor of 126 and 90.
18
What is the greatest common factor of 3 and 93?
3
What is the highest common divisor of 1175 and 25?
25
Calculate the highest common factor of 200 and 475.
25
Calculate the greatest common factor of 3600 and 288.
144
What is the greatest common divisor of 46 and 2254?
46
What is the highest common factor of 36 and 1068?
12
What is the greatest common divisor of 12 and 60?
12
Calculate the greatest common factor of 6 and 78.
6
Calculate the highest common factor of 6 and 96.
6
Calculate the highest common divisor of 180 and 480.
60
Calculate the highest common divisor of 424 and 2650.
106
What is the greatest common factor of 42 and 546?
42
Calculate the greatest common divisor of 472 and 8.
8
Calculate the highest common factor of 558 and 13082.
62
Calculate the greatest common factor of 39 and 11479.
13
Calculate the highest common divisor of 85 and 65.
5
What is the highest common factor of 5 and 1?
1
What is the highest common divisor of 13 and 83?
1
What is the highest common divisor of 67 and 7571?
67
What is the highest common factor of 20 and 8?
4
What is the greatest common factor of 432 and 2052?
108
Calculate the greatest common factor of 9 and 1125.
9
What is the highest common factor of 144 and 1602?
18
What is the greatest common divisor of 18 and 11106?
18
Calculate the highest common divisor of 1988 and 28.
28
What is the highest common divisor of 15 and 155?
5
What is the highest common factor of 56 and 40?
8
What is the highest common factor of 224 and 32?
32
Calculate the greatest common divisor of 106 and 8003.
53
Calculate the greatest common factor of 5256 and 72.
72
What is the highest common factor of 7319 and 39?
13
Calculate the highest common divisor of 190 and 44.
2
What is the greatest common divisor of 414 and 36?
18
Calculate the greatest common factor of 114 and 2544.
6
What is the highest common factor of 1591 and 37?
37
What is the highest common divisor of 280 and 160?
40
Calculate the greatest common factor of 101 and 16261.
101
What is the highest common factor of 5 and 1835?
5
Calculate the greatest common divisor of 9899 and 57.
19
Calculate the greatest common factor of 364 and 28.
28
Calculate the highest common factor of 11040 and 16.
16
What is the highest common factor of 175 and 400?
25
What is the highest common divisor of 19464 and 96?
24
Calculate the greatest common divisor of 31 and 31.
31
What is the greatest common divisor of 84 and 124?
4
Calculate the highest common divisor of 1611 and 63.
9
Calculate the greatest common factor of 45 and 105.
15
What is the greatest common factor of 11150 and 50?
50
What is the highest common factor of 14 and 987?
7
What is the highest common divisor of 90 and 306?
18
Calculate the greatest common factor of 15824 and 86.
86
What is the greatest common factor of 576 and 72?
72
Calculate the greatest common divisor of 112 and 16.
16
What is the greatest common divisor of 5140 and 100?
20
What is the greatest common divisor of 108 and 156?
12
What is the highest common divisor of 407 and 111?
37
Calculate the highest common factor of 1794 and 6.
6
What is the highest common divisor of 405 and 945?
135
Calculate the highest common factor of 4371 and 372.
93
Calculate the greatest common factor of 12 and 36.
12
Calculate the greatest common factor of 1071 and 252.
63
Calculate the highest common factor of 4806 and 890.
178
What is the highest common divisor of 24 and 9228?
12
Calculate the greatest common factor of 1134 and 42.
42
Calculate the greatest common divisor of 4 and 4052.
4
Calculate the greatest common divisor of 237 and 3.
3
What is the highest common factor of 100 and 250?
50
What is the greatest common factor of 24 and 560?
8
What is the highest common divisor of 308 and 133?
7
Calculate the highest common divisor of 5 and 1280.
5
Calculate the highest common divisor of 86 and 430.
86
What is the greatest common factor of 490 and 588?
98
What is the highest common divisor of 3 and 93?
3
Calculate the greatest common divisor of 25 and 81.
1
What is the greatest common factor of 2765 and 105?
35
Calculate the greatest common divisor of 28 and 20.
4
Calculate the greatest common divisor of 37 and 3071.
37
What is the greatest common divisor of 440 and 264?
88
Calculate the greatest common factor of 2410 and 30.
10
Calculate the greatest common divisor of 47940 and 102.
102
Calculate the highest common divisor of 85 and 40885.
85
Calculate the greatest common divisor of 1605 and 5.
5
What is the greatest common divisor of 1716 and 3?
3
What is the highest common factor of 16537 and 46?
23
Calculate the highest common factor of 44 and 165.
11
Calculate the highest common factor of 13 and 1417.
13
What is the highest common factor of 434 and 124?
62
What is the greatest common divisor of 608 and 114?
38
What is the greatest common factor of 13 and 767?
13
Calculate the highest common factor of 180 and 20.
20
Calculate the highest common divisor of 104 and 16.
8
Calculate the greatest common divisor of 200 and 16.
8
What is the highest common factor of 2943 and 27?
27
Calculate the greatest common factor of 496 and 1302.
62
Calculate the greatest common factor of 675 and 3075.
75
What is the greatest common factor of 6524 and 756?
28
What is the highest common factor of 585 and 45?
45
Calculate the highest common divisor of 34 and 119.
17
What is the highest common divisor of 114 and 874?
38
Calculate the greatest common factor of 72 and 9.
9
What is the highest common divisor of 851 and 185?
37
Calculate the highest common divisor of 8 and 164.
4
Calculate the highest common factor of 110 and 6226.
22
What is the highest common factor of 5 and 3385?
5
What is the greatest common factor of 85 and 5?
5
Calculate the highest common divisor of 3177 and 6.
3
Calculate the greatest common factor of 3731 and 273.
91
Calculate the highest common divisor of 3287 and 152.
19
What is the highest common factor of 2235 and 1095?
15
Calculate the greatest common factor of 4294 and 19.
19
Calculate the highest common divisor of 104 and 33514.
26
Calculate the greatest common divisor of 105 and 60.
15
Calculate the greatest common factor of 1955 and 1530.
85
What is the greatest common factor of 42 and 399?
21
What is the greatest common divisor of 27696 and 32?
16
What is the greatest common divisor of 24 and 1096?
8
What is the greatest common divisor of 122 and 183?
61
Calculate the greatest common factor of 31 and 13733.
31
What is the greatest common factor of 2210 and 1870?
170
What is the greatest common factor of 9755 and 5?
5
Calculate the greatest common divisor of 800 and 300.
100
What is the highest common factor of 8025 and 675?
75
Calculate the greatest common factor of 75 and 8725.
25
What is the greatest common divisor of 2171 and 39?
13
Calculate the greatest common divisor of 4972 and 132.
44
What is the highest common factor of 11 and 1199?
11
Calculate the highest common factor of 225 and 1530.
45
What is the highest common factor of 230 and 69?
23
Calculate the highest common factor of 1196 and 2093.
299
Calculate the greatest common divisor of 1308 and 168.
12
Calculate the highest common divisor of 34 and 6.
2
What is the greatest common divisor of 936 and 90?
18
What is the greatest common divisor of 918 and 135?
27
Calculate the greatest common divisor of 17 and 13549.
17
Calculate the highest common divisor of 222 and 5661.
111
Calculate the highest common divisor of 4092 and 36.
12
What is the greatest common divisor of 114 and 1330?
38
Calculate the highest common factor of 363 and 957.
33
What is the greatest common factor of 64541 and 466?
233
What is the greatest common divisor of 38 and 589?
19
What is the greatest common factor of 9 and 11493?
9
Calculate the greatest common divisor of 17 and 119.
17
Calculate the highest common divisor of 35 and 40.
5
What is the highest common divisor of 34 and 289?
17
What is the highest common divisor